e
Let u(g) = 141*g + 12. Let h(t) = 94*t + 8. Let s(y) = 8*h(y) - 5*u(y). Is s(3) a composite number?
True
Suppose 4*p + 0*p = 8. Let l(d) = d**p + d + 0*d**2 - 2 + 3. Is l(-2) a composite number?
False
Let x = 4 + 855. Let r = -10 - -6. Is r/(-14) - x/(-7) prime?
False
Is (6/(-4))/((-15)/9140) a prime number?
False
Suppose 2 = -y + 4. Let v(g) be the second derivative of 49*g**3/6 - g**2/2 - 4*g. Is v(y) a prime number?
True
Suppose -b + 537 = 2*b. Is b a prime number?
True
Let z(m) = 2*m**2 + 11*m - 7. Let a(n) = n**2 + 10*n - 6. Let x(c) = -5*a(c) + 4*z(c). Is x(5) composite?
False
Let x = 83 - 46. Is x a prime number?
True
Let t(u) = 61*u**3 + u**2 - u + 3. Is t(2) a prime number?
False
Suppose -2*x + 45 = -x. Suppose -3*u = 2*u - x. Let f(t) = 7*t + 2. Is f(u) a prime number?
False
Let y(z) = z**3 + 2*z**2 - 2*z + 2. Let o be y(-3). Let t be -3*((-2)/1 - o). Suppose -t*k + 111 = -0*k. Is k composite?
False
Let y(k) = 4*k**2 - 3. Let t = -2 + -3. Is y(t) a prime number?
True
Let g(c) = 4*c**3 + 5*c**2 + 3*c + 2. Let m be g(-5). Is -3 + m/(-6)*3 composite?
False
Is (3603/3)/((-10)/(-30)) a prime number?
False
Suppose 2*i = 4*i - 3514. Is i a composite number?
True
Suppose 3*c - 402 = c. Is c a composite number?
True
Let z = 1667 - 324. Is z a composite number?
True
Let k(h) = 134*h**3 - 2*h**2 + h + 1. Let l be k(1). Let u be -1*1 + 1 + 3. Suppose -5*g = -u*g - l. Is g composite?
False
Let m(j) be the second derivative of j**4/12 + j**3/6 + 5*j**2/2 - 2*j. Is m(-6) a composite number?
True
Let i(d) = 0*d - 4*d - 3*d**2 + 13*d**2 + 1. Is i(3) composite?
False
Suppose 0*m - 2*m + 518 = -5*y, -980 = -4*m - 4*y. Suppose -g + 756 = 2*b - m, -4*b - 3*g = -2009. Is b a prime number?
True
Let i(a) = -a**2 + 7*a - 1. Let c be i(6). Suppose k = c*v - 21, -2*k = -v + 3*v - 6. Suppose 0*s - v*w + 54 = 2*s, 4*w + 46 = 2*s. Is s a prime number?
False
Suppose -u - 310 + 945 = 0. Is u prime?
False
Let o(p) = -349*p + 3. Is o(-4) prime?
True
Suppose -u = -250 + 31. Is u composite?
True
Let a = 803 + -550. Is a prime?
False
Let h(i) = i + 9. Let d be h(-7). Suppose -d*o - j = 1, -o - 5*j + 4 = -0*j. Is o/(-3)*114/2 a prime number?
True
Suppose -3*c - 4 = -2338. Is c a composite number?
True
Let i(l) = 16*l**2 + 6*l + 1. Is i(-6) prime?
True
Let m be (-3 - -2)/((-2)/802). Suppose 4*f - 827 = 3*n, -m = f - 3*f - n. Is f a prime number?
False
Let t(d) = -d - 12. Let c be t(-9). Let x = c - -1. Is x + 57 - 0/1 prime?
False
Let k(p) = 3*p**2 + 15*p + 1. Is k(-15) a prime number?
False
Let j be (-8)/12 + (-4)/(-6). Let r be 1*(-1 - 3) - j. Let i(q) = q**3 + 4*q**2 - 2*q + 3. Is i(r) prime?
True
Let d(t) be the second derivative of 2*t**7/105 + t**6/720 + t**4/4 + 2*t. Let g(j) be the third derivative of d(j). Is g(-1) a composite number?
False
Let r = -169 + 338. Is r composite?
True
Let w be 66/(-5)*2*-15. Suppose 2157 = 3*p + w. Is p a composite number?
False
Suppose -2*t + 4 + 82 = i, -3*i = -4*t + 162. Suppose -t = -2*g + g. Suppose -v = 2*v - g. Is v prime?
False
Suppose -4*v + 2*v = -6, 2*v + 22 = 4*y. Let q(g) = 9*g - 10. Is q(y) a composite number?
False
Let n be 605/3 - 1/(-3). Suppose d + 4*x = -d + 76, -5*d + n = 4*x. Suppose -4*u - d = -6*u. Is u a prime number?
False
Let k(g) = -g + 44. Let x be k(0). Suppose -i - 11 = -4. Let y = x + i. Is y composite?
False
Suppose -5*n - 1002 + 157 = 0. Let v = n - -300. Is v composite?
False
Is (2031/(-6))/((-3)/6) a composite number?
False
Let j = -234 - -408. Suppose 4*h - 3*k = 328, 0 = 2*h - k - 3*k - j. Is h prime?
True
Let f(m) = 4*m + 3*m**2 + 5 + m + 8*m - 4*m**2. Is f(6) prime?
True
Let u(j) = 21*j**2 + 3*j + 3 - 1 - 2*j. Let w be u(-3). Suppose -o - w = -5*o. Is o prime?
True
Let n(p) = p + 2. Let r be n(6). Let b(v) = 3*v**2 - 3*v + 4. Let y be b(r). Suppose -y = -6*f + 2*f. Is f a prime number?
True
Let x(k) = -k**3 - 10*k**2 - 11*k - 13. Let q be x(-9). Is 789/(-6)*(-10)/q a composite number?
False
Is ((3 - 3) + 3)*193 composite?
True
Let l be 1/(-1)*(-21)/(-3). Is 1 + l/(7/(-78)) composite?
False
Let o = -1215 - -1720. Is o composite?
True
Suppose -1890 = -7*x + 4795. Is x a prime number?
False
Let v(y) be the second derivative of -43*y**5/20 - y**4/12 + y**2/2 - y. Let n be v(1). Let j = n - -74. Is j a prime number?
True
Let l(w) = -33*w - 1. Let i be 0 + 3 + (-2 - 4). Let r be l(i). Suppose r = -q + 3*q. Is q a composite number?
True
Let h(y) = -y**2 + 24*y + 14. Let t be h(14). Suppose -u + t = -207. Is u a composite number?
True
Let t(r) be the third derivative of r**6/120 - r**5/15 - r**4/8 + 2*r**3/3 - 2*r**2. Let m be t(4). Let i(b) = -b**3 - 8*b**2 - 12*b - 1. Is i(m) prime?
False
Suppose -2*w = -0*w + 2*z - 126, 5*w + 4*z - 311 = 0. Is w prime?
True
Suppose 2*m - 3*l - 769 = m, 0 = 2*m + 3*l - 1538. Is m a composite number?
False
Let d(o) = -380*o**3 - o**2. Is d(-1) composite?
False
Suppose -2*v - 3*v = 0. Let f(b) = 4*b**3 - 4*b**2 + b + 163. Let t(x) = -7*x**3 + 7*x**2 - 2*x - 326. Let p(d) = -5*f(d) - 3*t(d). Is p(v) composite?
False
Suppose -5*k + 2*l + 1494 = l, 0 = -4*k + 4*l + 1192. Is k composite?
True
Let o = 944 + -598. Let v = -95 + o. Is v a prime number?
True
Suppose 42 = -2*l - 3*o, o + 28 - 6 = -l. Let h = 82 - l. Is h prime?
False
Suppose -11*j - 53 = -12*j. Is j a prime number?
True
Let w be (-2 - 2)*12/16. Is (-274)/(-8) + w/12 prime?
False
Suppose c = -8 - 7. Let q be ((-10)/c)/((-1)/3). Is (-4)/4 - (q - 21) a composite number?
True
Let b(n) = n**3 + 5*n**2 - 6*n. Let o be b(-6). Suppose 4*p - 140 - 456 = o. Is p a prime number?
True
Suppose 5*m + s + 100 = 0, -58 = -4*m + 6*m + 4*s. Let v = m + 33. Is v a prime number?
False
Let s be ((-21)/(-9))/((-2)/(-6)). Suppose -15 = 2*f - s*f. Suppose -16 - 11 = -f*b. Is b composite?
True
Let b be 232 - ((2 - 1) + -4). Suppose -3*m + b + 122 = 0. Is m composite?
True
Let v(f) = f**3 + 7*f**2 + f + 7. Let o be v(-7). Let x(b) = -b + 8. Let h be x(o). Suppose 3*z - h*z + 95 = 0. Is z a composite number?
False
Let q = -74 - -9. Let b = -10 - q. Is b composite?
True
Suppose 1 = -i, 3*i - 119 - 16 = -2*n. Is n a composite number?
True
Let q be 11 - 3 - 4 - 1. Is -22*((-28)/8 - q) composite?
True
Suppose -25*n = -22*n - 1251. Is n a composite number?
True
Suppose 3*j + 8 = j. Let q(k) = 4*k**2 - 2*k + 5. Is q(j) prime?
False
Let w = 723 - -268. Suppose u + u + 5*m = w, 0 = 3*u - m - 1512. Is u composite?
False
Let g be (-92)/(-16) - 1/(-4). Is ((-8)/g)/(8/(-24)) a prime number?
False
Let h = 131 - 191. Let b = h + 107. Is b a composite number?
False
Let v = 113 + -39. Let q = v + 44. Is q prime?
False
Is ((-8)/(160/2292))/(1/(-5)) prime?
False
Suppose 22 = -5*o - 28. Let u be 4/20 + 2/o. Suppose 5*w - 75 = -u*w. Is w a composite number?
True
Suppose 0 = -5*t - 11 - 99. Let a = 87 + t. Is a a composite number?
True
Suppose -3*q + 15 = -0*q. Let b(i) = 19*i - 4. Is b(q) composite?
True
Let x = -170 - -384. Let u = x + 51. Is u prime?
False
Suppose 4*c - 15 = 1. Is ((-674)/c)/(4/(-8)) a composite number?
False
Let o be 12/(-3) - -1 - -6. Suppose -97 = -o*c - 19. Is c prime?
False
Let u(f) = 321*f - 25. Is u(6) prime?
True
Let g = 8 + 29. Is g a prime number?
True
Suppose -6702 + 407 = -5*s. Is s a composite number?
False
Let l(c) = -c**3 + c**2 + c - 14. Suppose 0*q = -2*q. Let z be l(q). Is (-3 + 1)/(-2) - z a composite number?
True
Suppose 6 = v - 107. Is v composite?
False
Let j(t) = -t**3 + 8*t**2 - 9*t + 5. Is j(-8) a prime number?
False
Let p(m) = -46*m + 2. Let h be p(-8). Suppose -5*l + 7*l - h = 0. Is l a composite number?
True
Let b(v) = -4*v**3 - 3*v**2 - 4. Let t = -8 - -5. Is b(t) a prime number?
False
Let m = 238 + -35. Let k = m + 8. Is k composite?
False
Let x = 68 + -1. Is x a composite number?
False
Suppose -3*o - 777 = -6*o. Let b = o + -180. Is b prime?
True
Let i = -37 - -72. Let t = 59 - i. Let h = t + 13. Is h a composite number?
False
Let w be (-1449)/(-35) - (-4)/(-10). Suppose 11 = -5*q + w. Is (-12)/18 + 298/q prime?
False
Let v = -11 - -19. Suppose -v*j = -3*j - 20. Suppose 2 = m - j. Is m prime?
False
Let y be 22/(-143) - 28/(-13). Suppose -5*v + 16 = -v. Is ((-8)/v)/(y/(-3)) a prime number?
True
Let d = -4 - -9. Suppose -d*i + 424 = -61. Is i prime?
True
Let b(f) = -3*f + 2. Let i be b(-3). Suppose w = -